{"id":72,"date":"2021-05-21T23:49:04","date_gmt":"2021-05-21T20:49:04","guid":{"rendered":"http:\/\/80.233.182.142\/?page_id=72"},"modified":"2022-12-05T10:01:12","modified_gmt":"2022-12-05T07:01:12","slug":"pieteikuma-forma","status":"publish","type":"page","link":"https:\/\/logina.lv\/index.php\/pieteikuma-forma\/","title":{"rendered":"Pieteikties pie speci\u0101lista"},"content":{"rendered":"<div class=\"wpforms-container wpforms-container-full wpforms-block\" id=\"wpforms-69\"><form id=\"wpforms-form-69\" class=\"wpforms-validate wpforms-form\" data-formid=\"69\" method=\"post\" enctype=\"multipart\/form-data\" action=\"\/index.php\/wp-json\/wp\/v2\/pages\/72\" data-token=\"66b9c8632fcfcdff6d8e488d247944a0\" data-token-time=\"1775559184\"><noscript class=\"wpforms-error-noscript\">Please enable JavaScript in your browser to complete this form.<\/noscript><div class=\"wpforms-field-container\"><div id=\"wpforms-69-field_2-container\" class=\"wpforms-field wpforms-field-select wpforms-field-select-style-classic\" data-field-id=\"2\"><label class=\"wpforms-field-label\" for=\"wpforms-69-field_2\">Konsult\u0101ciju v\u0113los sa\u0146emt <span class=\"wpforms-required-label\">*<\/span><\/label><select id=\"wpforms-69-field_2\" class=\"wpforms-field-medium wpforms-field-required\" name=\"wpforms[fields][2]\" required=\"required\"><option value=\"R\u012bga\"  class=\"choice-1 depth-1\"  >R\u012bga<\/option><option value=\"Liep\u0101ja\"  class=\"choice-2 depth-1\"  >Liep\u0101ja<\/option><option value=\"Saldus\"  class=\"choice-3 depth-1\"  >Saldus<\/option><\/select><\/div><div id=\"wpforms-69-field_4-container\" class=\"wpforms-field wpforms-field-name\" data-field-id=\"4\"><label class=\"wpforms-field-label\" for=\"wpforms-69-field_4\">V\u0101rds, Uzv\u0101rds <span class=\"wpforms-required-label\">*<\/span><\/label><div class=\"wpforms-field-row wpforms-field-medium\"><div class=\"wpforms-field-row-block wpforms-first wpforms-one-half\"><input type=\"text\" id=\"wpforms-69-field_4\" class=\"wpforms-field-name-first wpforms-field-required\" name=\"wpforms[fields][4][first]\" placeholder=\"v\u0101rds\" required><label for=\"wpforms-69-field_4\" class=\"wpforms-field-sublabel after wpforms-sublabel-hide\">First<\/label><\/div><div class=\"wpforms-field-row-block wpforms-one-half\"><input type=\"text\" id=\"wpforms-69-field_4-last\" class=\"wpforms-field-name-last wpforms-field-required\" name=\"wpforms[fields][4][last]\" placeholder=\"uzv\u0101rds\" required><label for=\"wpforms-69-field_4-last\" class=\"wpforms-field-sublabel after wpforms-sublabel-hide\">Last<\/label><\/div><\/div><\/div><div id=\"wpforms-69-field_22-container\" class=\"wpforms-field wpforms-field-text\" data-field-id=\"22\"><label class=\"wpforms-field-label\" for=\"wpforms-69-field_22\">Personas kods <span class=\"wpforms-required-label\">*<\/span><\/label><input type=\"text\" id=\"wpforms-69-field_22\" class=\"wpforms-field-small wpforms-field-required\" name=\"wpforms[fields][22]\" required><\/div><div id=\"wpforms-69-field_23-container\" class=\"wpforms-field wpforms-field-number\" data-field-id=\"23\"><label class=\"wpforms-field-label\" for=\"wpforms-69-field_23\">Vecums <span class=\"wpforms-required-label\">*<\/span><\/label><input type=\"number\" id=\"wpforms-69-field_23\" class=\"wpforms-field-small wpforms-field-required\" name=\"wpforms[fields][23]\" step=\"any\" required><\/div><div id=\"wpforms-69-field_6-container\" class=\"wpforms-field wpforms-field-text\" data-field-id=\"6\"><label class=\"wpforms-field-label\" for=\"wpforms-69-field_6\">T\u0101lrunis <span class=\"wpforms-required-label\">*<\/span><\/label><input type=\"text\" id=\"wpforms-69-field_6\" class=\"wpforms-field-medium wpforms-field-required\" name=\"wpforms[fields][6]\" required><\/div><div id=\"wpforms-69-field_7-container\" class=\"wpforms-field wpforms-field-email\" data-field-id=\"7\"><label class=\"wpforms-field-label\" for=\"wpforms-69-field_7\">E-pasts <span class=\"wpforms-required-label\">*<\/span><\/label><input type=\"email\" id=\"wpforms-69-field_7\" class=\"wpforms-field-medium wpforms-field-required\" name=\"wpforms[fields][7]\" spellcheck=\"false\" required><\/div><div id=\"wpforms-69-field_8-container\" class=\"wpforms-field wpforms-field-text\" data-field-id=\"8\"><label class=\"wpforms-field-label\" for=\"wpforms-69-field_8\">Dz\u012bvesvietas adrese <span class=\"wpforms-required-label\">*<\/span><\/label><input type=\"text\" id=\"wpforms-69-field_8\" class=\"wpforms-field-medium wpforms-field-required\" name=\"wpforms[fields][8]\" required><\/div><div id=\"wpforms-69-field_9-container\" class=\"wpforms-field wpforms-field-radio\" data-field-id=\"9\"><label class=\"wpforms-field-label\">Uz konsult\u0101ciju piesakos <span class=\"wpforms-required-label\">*<\/span><\/label><ul id=\"wpforms-69-field_9\" class=\"wpforms-field-required\"><li class=\"choice-1 depth-1\"><input type=\"radio\" id=\"wpforms-69-field_9_1\" name=\"wpforms[fields][9]\" value=\"Pirmo reizi\" required ><label class=\"wpforms-field-label-inline\" for=\"wpforms-69-field_9_1\">Pirmo reizi<\/label><\/li><li class=\"choice-2 depth-1\"><input type=\"radio\" id=\"wpforms-69-field_9_2\" name=\"wpforms[fields][9]\" value=\"Atk\u0101rtoti\" required ><label class=\"wpforms-field-label-inline\" for=\"wpforms-69-field_9_2\">Atk\u0101rtoti<\/label><\/li><\/ul><\/div><div id=\"wpforms-69-field_11-container\" class=\"wpforms-field wpforms-field-textarea\" data-field-id=\"11\"><label class=\"wpforms-field-label\" for=\"wpforms-69-field_11\">Konsult\u0101cijas iemesls <span class=\"wpforms-required-label\">*<\/span><\/label><textarea id=\"wpforms-69-field_11\" class=\"wpforms-field-medium wpforms-field-required\" name=\"wpforms[fields][11]\" required><\/textarea><\/div><div id=\"wpforms-69-field_12-container\" class=\"wpforms-field wpforms-field-textarea\" data-field-id=\"12\"><label class=\"wpforms-field-label\" for=\"wpforms-69-field_12\">Ja iemesls ir trauma &#8211; kad un k\u0101da<\/label><textarea id=\"wpforms-69-field_12\" class=\"wpforms-field-medium\" name=\"wpforms[fields][12]\" ><\/textarea><\/div><div id=\"wpforms-69-field_15-container\" class=\"wpforms-field wpforms-field-textarea\" data-field-id=\"15\"><label class=\"wpforms-field-label\" for=\"wpforms-69-field_15\">Ja iemesls nav trauma &#8211; kad un k\u0101das bija pirm\u0101s s\u016bdz\u012bbas<\/label><textarea id=\"wpforms-69-field_15\" class=\"wpforms-field-medium\" name=\"wpforms[fields][15]\" ><\/textarea><\/div><div id=\"wpforms-69-field_16-container\" class=\"wpforms-field wpforms-field-textarea\" data-field-id=\"16\"><label class=\"wpforms-field-label\" for=\"wpforms-69-field_16\">L\u012bdz \u0161im veikta \u0101rst\u0113\u0161ana<\/label><textarea id=\"wpforms-69-field_16\" class=\"wpforms-field-medium\" name=\"wpforms[fields][16]\" ><\/textarea><\/div><div id=\"wpforms-69-field_17-container\" class=\"wpforms-field wpforms-field-checkbox\" data-field-id=\"17\"><label class=\"wpforms-field-label\">L\u012bdz \u0161im veiktie izmekl\u0113jumi<\/label><ul id=\"wpforms-69-field_17\"><li class=\"choice-1 depth-1\"><input type=\"checkbox\" id=\"wpforms-69-field_17_1\" name=\"wpforms[fields][17][]\" value=\"Nav\"  ><label class=\"wpforms-field-label-inline\" for=\"wpforms-69-field_17_1\">Nav<\/label><\/li><li class=\"choice-2 depth-1\"><input type=\"checkbox\" id=\"wpforms-69-field_17_2\" name=\"wpforms[fields][17][]\" value=\"Rentgens (RTG)\"  ><label class=\"wpforms-field-label-inline\" for=\"wpforms-69-field_17_2\">Rentgens (RTG)<\/label><\/li><li class=\"choice-3 depth-1\"><input type=\"checkbox\" id=\"wpforms-69-field_17_3\" name=\"wpforms[fields][17][]\" value=\"Anal\u012bzes (asins u.c.)\"  ><label class=\"wpforms-field-label-inline\" for=\"wpforms-69-field_17_3\">Anal\u012bzes (asins u.c.)<\/label><\/li><li class=\"choice-4 depth-1\"><input type=\"checkbox\" id=\"wpforms-69-field_17_4\" name=\"wpforms[fields][17][]\" value=\"Ultrasonoskopija (US\/USG)\"  ><label class=\"wpforms-field-label-inline\" for=\"wpforms-69-field_17_4\">Ultrasonoskopija (US\/USG)<\/label><\/li><li class=\"choice-5 depth-1\"><input type=\"checkbox\" id=\"wpforms-69-field_17_5\" name=\"wpforms[fields][17][]\" value=\"Kompjutertomogr\u0101fija (CT)\"  ><label class=\"wpforms-field-label-inline\" for=\"wpforms-69-field_17_5\">Kompjutertomogr\u0101fija (CT)<\/label><\/li><li class=\"choice-6 depth-1\"><input type=\"checkbox\" id=\"wpforms-69-field_17_6\" name=\"wpforms[fields][17][]\" value=\"Magn\u0113tisk\u0101 rezonanse (MRI)\"  ><label class=\"wpforms-field-label-inline\" for=\"wpforms-69-field_17_6\">Magn\u0113tisk\u0101 rezonanse (MRI)<\/label><\/li><li class=\"choice-7 depth-1\"><input type=\"checkbox\" id=\"wpforms-69-field_17_7\" name=\"wpforms[fields][17][]\" value=\"Elektromiogr\u0101fija (EMG)\"  ><label class=\"wpforms-field-label-inline\" for=\"wpforms-69-field_17_7\">Elektromiogr\u0101fija (EMG)<\/label><\/li><\/ul><\/div><div id=\"wpforms-69-field_18-container\" class=\"wpforms-field wpforms-field-radio\" data-field-id=\"18\"><label class=\"wpforms-field-label\">Vai Jums ir apdro\u0161in\u0101\u0161anas polise<\/label><ul id=\"wpforms-69-field_18\"><li class=\"choice-1 depth-1\"><input type=\"radio\" id=\"wpforms-69-field_18_1\" name=\"wpforms[fields][18]\" value=\"J\u0101\"  ><label class=\"wpforms-field-label-inline\" for=\"wpforms-69-field_18_1\">J\u0101<\/label><\/li><li class=\"choice-2 depth-1\"><input type=\"radio\" id=\"wpforms-69-field_18_2\" name=\"wpforms[fields][18]\" value=\"N\u0113\"  ><label class=\"wpforms-field-label-inline\" for=\"wpforms-69-field_18_2\">N\u0113<\/label><\/li><\/ul><\/div><div id=\"wpforms-69-field_19-container\" class=\"wpforms-field wpforms-field-textarea\" data-field-id=\"19\"><label class=\"wpforms-field-label\" for=\"wpforms-69-field_19\">Papildus inform\u0101cija<\/label><textarea id=\"wpforms-69-field_19\" class=\"wpforms-field-medium\" name=\"wpforms[fields][19]\" ><\/textarea><\/div><div id=\"wpforms-69-field_20-container\" class=\"wpforms-field wpforms-field-gdpr-checkbox\" data-field-id=\"20\"><label class=\"wpforms-field-label\">Piekr\u012btu <span class=\"wpforms-required-label\">*<\/span><\/label><ul id=\"wpforms-69-field_20\" class=\"wpforms-field-required\"><li class=\"choice-1\"><input type=\"checkbox\" id=\"wpforms-69-field_20_1\" name=\"wpforms[fields][20][]\" value=\"Savus datus esmu sniedzis\/-usi labpr\u0101t\u012bgi un piekr\u012btu, ka manus datus apstr\u0101d\u0101 Loginas Mikro\u0137irur\u0123ijas un Rehabilit\u0101cijas centrs\" required ><label class=\"wpforms-field-label-inline\" for=\"wpforms-69-field_20_1\">Savus datus esmu sniedzis\/-usi labpr\u0101t\u012bgi un piekr\u012btu, ka manus datus apstr\u0101d\u0101 Loginas Mikro\u0137irur\u0123ijas un Rehabilit\u0101cijas centrs<\/label><\/li><\/ul><\/div><div id=\"wpforms-69-field_21-container\" class=\"wpforms-field wpforms-field-gdpr-checkbox\" data-field-id=\"21\"><label class=\"wpforms-field-label\">Iepazinos <span class=\"wpforms-required-label\">*<\/span><\/label><ul id=\"wpforms-69-field_21\" class=\"wpforms-field-required\"><li class=\"choice-1\"><input type=\"checkbox\" id=\"wpforms-69-field_21_1\" name=\"wpforms[fields][21][]\" value=\"Ar priv\u0101tuma politiku esmu iepazinies\/-usies un tai piekr\u012btu\" required ><label class=\"wpforms-field-label-inline\" for=\"wpforms-69-field_21_1\">Ar priv\u0101tuma politiku esmu iepazinies\/-usies un tai piekr\u012btu<\/label><\/li><\/ul><\/div><\/div><!-- .wpforms-field-container --><div class=\"wpforms-submit-container\" ><input type=\"hidden\" name=\"wpforms[id]\" value=\"69\"><input type=\"hidden\" name=\"page_title\" value=\"\"><input type=\"hidden\" name=\"page_url\" value=\"https:\/\/logina.lv\/index.php\/wp-json\/wp\/v2\/pages\/72\"><input type=\"hidden\" name=\"url_referer\" value=\"\"><button type=\"submit\" name=\"wpforms[submit]\" id=\"wpforms-submit-69\" class=\"wpforms-submit\" data-alt-text=\"S\u016btam pieteikumu...\" data-submit-text=\"Nos\u016bt\u012bt pieteikumu\" aria-live=\"assertive\" value=\"wpforms-submit\">Nos\u016bt\u012bt pieteikumu<\/button><\/div><\/form><\/div>  <!-- .wpforms-container -->","protected":false},"excerpt":{"rendered":"","protected":false},"author":1,"featured_media":0,"parent":0,"menu_order":30,"comment_status":"closed","ping_status":"closed","template":"","meta":{"_mi_skip_tracking":false,"footnotes":""},"class_list":["post-72","page","type-page","status-publish","hentry"],"aioseo_notices":[],"yoast_head":"<!-- This site is optimized with the Yoast SEO plugin v27.2 - https:\/\/yoast.com\/product\/yoast-seo-wordpress\/ -->\n<title>Pieteikties pie speci\u0101lista - Loginas Mikro\u0137irur\u0123ijas un Rehabilit\u0101cijas centrs<\/title>\n<meta name=\"robots\" content=\"index, follow, max-snippet:-1, max-image-preview:large, max-video-preview:-1\" \/>\n<link rel=\"canonical\" href=\"https:\/\/logina.lv\/index.php\/pieteikuma-forma\/\" \/>\n<meta property=\"og:locale\" content=\"lv_LV\" \/>\n<meta property=\"og:type\" content=\"article\" \/>\n<meta property=\"og:title\" content=\"Pieteikties pie speci\u0101lista - Loginas Mikro\u0137irur\u0123ijas un Rehabilit\u0101cijas centrs\" \/>\n<meta property=\"og:url\" content=\"https:\/\/logina.lv\/index.php\/pieteikuma-forma\/\" \/>\n<meta property=\"og:site_name\" content=\"Loginas Mikro\u0137irur\u0123ijas un Rehabilit\u0101cijas centrs\" \/>\n<meta property=\"article:modified_time\" content=\"2022-12-05T07:01:12+00:00\" \/>\n<meta name=\"twitter:card\" content=\"summary_large_image\" \/>\n<meta name=\"twitter:site\" content=\"@logina_lv\" \/>\n<script type=\"application\/ld+json\" class=\"yoast-schema-graph\">{\"@context\":\"https:\/\/schema.org\",\"@graph\":[{\"@type\":\"WebPage\",\"@id\":\"https:\/\/logina.lv\/index.php\/pieteikuma-forma\/\",\"url\":\"https:\/\/logina.lv\/index.php\/pieteikuma-forma\/\",\"name\":\"Pieteikties pie speci\u0101lista - Loginas Mikro\u0137irur\u0123ijas un Rehabilit\u0101cijas centrs\",\"isPartOf\":{\"@id\":\"https:\/\/logina.lv\/#website\"},\"datePublished\":\"2021-05-21T20:49:04+00:00\",\"dateModified\":\"2022-12-05T07:01:12+00:00\",\"breadcrumb\":{\"@id\":\"https:\/\/logina.lv\/index.php\/pieteikuma-forma\/#breadcrumb\"},\"inLanguage\":\"lv-LV\",\"potentialAction\":[{\"@type\":\"ReadAction\",\"target\":[\"https:\/\/logina.lv\/index.php\/pieteikuma-forma\/\"]}]},{\"@type\":\"BreadcrumbList\",\"@id\":\"https:\/\/logina.lv\/index.php\/pieteikuma-forma\/#breadcrumb\",\"itemListElement\":[{\"@type\":\"ListItem\",\"position\":1,\"name\":\"Home\",\"item\":\"https:\/\/logina.lv\/\"},{\"@type\":\"ListItem\",\"position\":2,\"name\":\"Pieteikties pie speci\u0101lista\"}]},{\"@type\":\"WebSite\",\"@id\":\"https:\/\/logina.lv\/#website\",\"url\":\"https:\/\/logina.lv\/\",\"name\":\"Loginas Mikro\u0137irur\u0123ijas un Rehabilit\u0101cijas centrs\",\"description\":\"Uz zin\u0101tniski pier\u0101d\u012bt\u0101m metod\u0113m un pieredzi pamatots risin\u0101jums\",\"publisher\":{\"@id\":\"https:\/\/logina.lv\/#organization\"},\"potentialAction\":[{\"@type\":\"SearchAction\",\"target\":{\"@type\":\"EntryPoint\",\"urlTemplate\":\"https:\/\/logina.lv\/?s={search_term_string}\"},\"query-input\":{\"@type\":\"PropertyValueSpecification\",\"valueRequired\":true,\"valueName\":\"search_term_string\"}}],\"inLanguage\":\"lv-LV\"},{\"@type\":\"Organization\",\"@id\":\"https:\/\/logina.lv\/#organization\",\"name\":\"Loginas Mikro\u0137irur\u0123ijas un Rehabilit\u0101cijas centrs\",\"url\":\"https:\/\/logina.lv\/\",\"logo\":{\"@type\":\"ImageObject\",\"inLanguage\":\"lv-LV\",\"@id\":\"https:\/\/logina.lv\/#\/schema\/logo\/image\/\",\"url\":\"https:\/\/logina.lv\/wp-content\/uploads\/2021\/05\/logosmall-1.png\",\"contentUrl\":\"https:\/\/logina.lv\/wp-content\/uploads\/2021\/05\/logosmall-1.png\",\"width\":109,\"height\":89,\"caption\":\"Loginas Mikro\u0137irur\u0123ijas un Rehabilit\u0101cijas centrs\"},\"image\":{\"@id\":\"https:\/\/logina.lv\/#\/schema\/logo\/image\/\"},\"sameAs\":[\"https:\/\/x.com\/logina_lv\"]}]}<\/script>\n<!-- \/ Yoast SEO plugin. -->","yoast_head_json":{"title":"Pieteikties pie speci\u0101lista - Loginas Mikro\u0137irur\u0123ijas un Rehabilit\u0101cijas centrs","robots":{"index":"index","follow":"follow","max-snippet":"max-snippet:-1","max-image-preview":"max-image-preview:large","max-video-preview":"max-video-preview:-1"},"canonical":"https:\/\/logina.lv\/index.php\/pieteikuma-forma\/","og_locale":"lv_LV","og_type":"article","og_title":"Pieteikties pie speci\u0101lista - Loginas Mikro\u0137irur\u0123ijas un Rehabilit\u0101cijas centrs","og_url":"https:\/\/logina.lv\/index.php\/pieteikuma-forma\/","og_site_name":"Loginas Mikro\u0137irur\u0123ijas un Rehabilit\u0101cijas centrs","article_modified_time":"2022-12-05T07:01:12+00:00","twitter_card":"summary_large_image","twitter_site":"@logina_lv","schema":{"@context":"https:\/\/schema.org","@graph":[{"@type":"WebPage","@id":"https:\/\/logina.lv\/index.php\/pieteikuma-forma\/","url":"https:\/\/logina.lv\/index.php\/pieteikuma-forma\/","name":"Pieteikties pie speci\u0101lista - Loginas Mikro\u0137irur\u0123ijas un Rehabilit\u0101cijas centrs","isPartOf":{"@id":"https:\/\/logina.lv\/#website"},"datePublished":"2021-05-21T20:49:04+00:00","dateModified":"2022-12-05T07:01:12+00:00","breadcrumb":{"@id":"https:\/\/logina.lv\/index.php\/pieteikuma-forma\/#breadcrumb"},"inLanguage":"lv-LV","potentialAction":[{"@type":"ReadAction","target":["https:\/\/logina.lv\/index.php\/pieteikuma-forma\/"]}]},{"@type":"BreadcrumbList","@id":"https:\/\/logina.lv\/index.php\/pieteikuma-forma\/#breadcrumb","itemListElement":[{"@type":"ListItem","position":1,"name":"Home","item":"https:\/\/logina.lv\/"},{"@type":"ListItem","position":2,"name":"Pieteikties pie speci\u0101lista"}]},{"@type":"WebSite","@id":"https:\/\/logina.lv\/#website","url":"https:\/\/logina.lv\/","name":"Loginas Mikro\u0137irur\u0123ijas un Rehabilit\u0101cijas centrs","description":"Uz zin\u0101tniski pier\u0101d\u012bt\u0101m metod\u0113m un pieredzi pamatots risin\u0101jums","publisher":{"@id":"https:\/\/logina.lv\/#organization"},"potentialAction":[{"@type":"SearchAction","target":{"@type":"EntryPoint","urlTemplate":"https:\/\/logina.lv\/?s={search_term_string}"},"query-input":{"@type":"PropertyValueSpecification","valueRequired":true,"valueName":"search_term_string"}}],"inLanguage":"lv-LV"},{"@type":"Organization","@id":"https:\/\/logina.lv\/#organization","name":"Loginas Mikro\u0137irur\u0123ijas un Rehabilit\u0101cijas centrs","url":"https:\/\/logina.lv\/","logo":{"@type":"ImageObject","inLanguage":"lv-LV","@id":"https:\/\/logina.lv\/#\/schema\/logo\/image\/","url":"https:\/\/logina.lv\/wp-content\/uploads\/2021\/05\/logosmall-1.png","contentUrl":"https:\/\/logina.lv\/wp-content\/uploads\/2021\/05\/logosmall-1.png","width":109,"height":89,"caption":"Loginas Mikro\u0137irur\u0123ijas un Rehabilit\u0101cijas centrs"},"image":{"@id":"https:\/\/logina.lv\/#\/schema\/logo\/image\/"},"sameAs":["https:\/\/x.com\/logina_lv"]}]}},"_links":{"self":[{"href":"https:\/\/logina.lv\/index.php\/wp-json\/wp\/v2\/pages\/72","targetHints":{"allow":["GET"]}}],"collection":[{"href":"https:\/\/logina.lv\/index.php\/wp-json\/wp\/v2\/pages"}],"about":[{"href":"https:\/\/logina.lv\/index.php\/wp-json\/wp\/v2\/types\/page"}],"author":[{"embeddable":true,"href":"https:\/\/logina.lv\/index.php\/wp-json\/wp\/v2\/users\/1"}],"replies":[{"embeddable":true,"href":"https:\/\/logina.lv\/index.php\/wp-json\/wp\/v2\/comments?post=72"}],"version-history":[{"count":3,"href":"https:\/\/logina.lv\/index.php\/wp-json\/wp\/v2\/pages\/72\/revisions"}],"predecessor-version":[{"id":292,"href":"https:\/\/logina.lv\/index.php\/wp-json\/wp\/v2\/pages\/72\/revisions\/292"}],"wp:attachment":[{"href":"https:\/\/logina.lv\/index.php\/wp-json\/wp\/v2\/media?parent=72"}],"curies":[{"name":"wp","href":"https:\/\/api.w.org\/{rel}","templated":true}]}}